{"id":395,"date":"2016-07-28T10:44:21","date_gmt":"2016-07-28T10:44:21","guid":{"rendered":"http:\/\/www.vissparboulingu.lv\/laba\/?page_id=395"},"modified":"2016-07-28T11:01:17","modified_gmt":"2016-07-28T11:01:17","slug":"8-abl-cempionats","status":"publish","type":"page","link":"https:\/\/www.vissparboulingu.lv\/laba\/amatieru-boulinga-ligas-arhivs-1-7-sezona\/8-abl-cempionats\/","title":{"rendered":"P\u0101r\u0113jie \u010dempion\u0101ti"},"content":{"rendered":"<p>8.ABL \u010dempion\u0101ts +<a href=\"http:\/\/www.vissparboulingu.lv\/arhivs\/\"><img loading=\"lazy\" decoding=\"async\" class=\"aligncenter  wp-image-399\" src=\"http:\/\/www.vissparboulingu.lv\/laba\/wp-content\/uploads\/2016\/07\/Untitled-1-1-993x1024.jpg\" alt=\"Untitled-1\" width=\"328\" height=\"338\" srcset=\"https:\/\/www.vissparboulingu.lv\/laba\/wp-content\/uploads\/2016\/07\/Untitled-1-1-993x1024.jpg 993w, https:\/\/www.vissparboulingu.lv\/laba\/wp-content\/uploads\/2016\/07\/Untitled-1-1-291x300.jpg 291w, https:\/\/www.vissparboulingu.lv\/laba\/wp-content\/uploads\/2016\/07\/Untitled-1-1-768x792.jpg 768w, https:\/\/www.vissparboulingu.lv\/laba\/wp-content\/uploads\/2016\/07\/Untitled-1-1-830x856.jpg 830w, https:\/\/www.vissparboulingu.lv\/laba\/wp-content\/uploads\/2016\/07\/Untitled-1-1-230x237.jpg 230w, https:\/\/www.vissparboulingu.lv\/laba\/wp-content\/uploads\/2016\/07\/Untitled-1-1-350x361.jpg 350w, https:\/\/www.vissparboulingu.lv\/laba\/wp-content\/uploads\/2016\/07\/Untitled-1-1-480x495.jpg 480w, https:\/\/www.vissparboulingu.lv\/laba\/wp-content\/uploads\/2016\/07\/Untitled-1-1.jpg 1356w\" sizes=\"(max-width: 328px) 100vw, 328px\" \/><\/a><\/p>\n","protected":false},"excerpt":{"rendered":"<p>8.ABL \u010dempion\u0101ts +<\/p>\n","protected":false},"author":1,"featured_media":42,"parent":62,"menu_order":7,"comment_status":"closed","ping_status":"closed","template":"page-templates\/page_fullwidth.php","meta":{"_et_pb_use_builder":"","_et_pb_old_content":"","_et_gb_content_width":"","ngg_post_thumbnail":0,"footnotes":""},"class_list":["post-395","page","type-page","status-publish","has-post-thumbnail","hentry"],"aioseo_notices":[],"_links":{"self":[{"href":"https:\/\/www.vissparboulingu.lv\/laba\/wp-json\/wp\/v2\/pages\/395","targetHints":{"allow":["GET"]}}],"collection":[{"href":"https:\/\/www.vissparboulingu.lv\/laba\/wp-json\/wp\/v2\/pages"}],"about":[{"href":"https:\/\/www.vissparboulingu.lv\/laba\/wp-json\/wp\/v2\/types\/page"}],"author":[{"embeddable":true,"href":"https:\/\/www.vissparboulingu.lv\/laba\/wp-json\/wp\/v2\/users\/1"}],"replies":[{"embeddable":true,"href":"https:\/\/www.vissparboulingu.lv\/laba\/wp-json\/wp\/v2\/comments?post=395"}],"version-history":[{"count":3,"href":"https:\/\/www.vissparboulingu.lv\/laba\/wp-json\/wp\/v2\/pages\/395\/revisions"}],"predecessor-version":[{"id":400,"href":"https:\/\/www.vissparboulingu.lv\/laba\/wp-json\/wp\/v2\/pages\/395\/revisions\/400"}],"up":[{"embeddable":true,"href":"https:\/\/www.vissparboulingu.lv\/laba\/wp-json\/wp\/v2\/pages\/62"}],"wp:featuredmedia":[{"embeddable":true,"href":"https:\/\/www.vissparboulingu.lv\/laba\/wp-json\/wp\/v2\/media\/42"}],"wp:attachment":[{"href":"https:\/\/www.vissparboulingu.lv\/laba\/wp-json\/wp\/v2\/media?parent=395"}],"curies":[{"name":"wp","href":"https:\/\/api.w.org\/{rel}","templated":true}]}}