{"id":502,"date":"2017-07-04T20:55:20","date_gmt":"2017-07-04T20:55:20","guid":{"rendered":"http:\/\/www.vissparboulingu.lv\/laba\/?page_id=502"},"modified":"2017-10-03T12:42:34","modified_gmt":"2017-10-03T12:42:34","slug":"dokumenti","status":"publish","type":"page","link":"https:\/\/www.vissparboulingu.lv\/laba\/laba-2\/dokumenti\/","title":{"rendered":"Dokumenti"},"content":{"rendered":"<p><a href=\"http:\/\/www.vissparboulingu.lv\/laba\/wp-content\/uploads\/2017\/07\/Re\u0123istr\u0101cijas-Apliec\u012bba.pdf\">Re\u0123istr\u0101cijas Apliec\u012bba<\/a><br \/>\n<a href=\"http:\/\/www.vissparboulingu.lv\/laba\/wp-content\/uploads\/2017\/07\/Stat\u016bti.pdf\">Stat\u016bti<\/a><br \/>\n<a href=\"http:\/\/www.vissparboulingu.lv\/laba\/wp-content\/uploads\/2017\/07\/L\u0113mums-08.03.2012..pdf\">L\u0113mums 08.03.2012.<\/a><br \/>\n<a href=\"http:\/\/www.vissparboulingu.lv\/laba\/wp-content\/uploads\/2017\/07\/Protokols-Nr.1-12.08.2012..pdf\">Protokols Nr.1 12.08.2012.<\/a><br \/>\n<a href=\"http:\/\/www.vissparboulingu.lv\/laba\/wp-content\/uploads\/2017\/07\/Protokols-Nr.2-24.04.2014..pdf\">Protokols Nr.2 24.04.2014.<\/a><br \/>\n<a href=\"http:\/\/www.vissparboulingu.lv\/laba\/wp-content\/uploads\/2017\/07\/Protokols-Nr.3-24.03.2017..pdf\">Protokols Nr.3 24.03.2017.<\/a><br \/>\n<a href=\"http:\/\/www.vissparboulingu.lv\/laba\/wp-content\/uploads\/2017\/07\/Protokols-Nr.4-07.07.2017..pdf\">Protokols Nr.4 07.07.2017.<\/a><br \/>\n<a href=\"http:\/\/www.vissparboulingu.lv\/laba\/wp-content\/uploads\/2017\/07\/12.ABL_.-Pielikuma-pie-reglamenta-Nr.1.pdf\">12.ABL. Pielikums pie reglamenta Nr.1<\/a>\u00a0&#8211; 01.10.2017<\/p>\n","protected":false},"excerpt":{"rendered":"<p>Re\u0123istr\u0101cijas Apliec\u012bba Stat\u016bti L\u0113mums 08.03.2012. Protokols Nr.1 12.08.2012. Protokols Nr.2 24.04.2014. Protokols Nr.3 24.03.2017. Protokols Nr.4 07.07.2017. 12.ABL. Pielikums pie reglamenta Nr.1\u00a0&#8211; [&hellip;]<\/p>\n","protected":false},"author":1,"featured_media":399,"parent":43,"menu_order":3,"comment_status":"closed","ping_status":"closed","template":"","meta":{"_et_pb_use_builder":"","_et_pb_old_content":"","_et_gb_content_width":"","ngg_post_thumbnail":0,"footnotes":""},"class_list":["post-502","page","type-page","status-publish","has-post-thumbnail","hentry"],"aioseo_notices":[],"_links":{"self":[{"href":"https:\/\/www.vissparboulingu.lv\/laba\/wp-json\/wp\/v2\/pages\/502","targetHints":{"allow":["GET"]}}],"collection":[{"href":"https:\/\/www.vissparboulingu.lv\/laba\/wp-json\/wp\/v2\/pages"}],"about":[{"href":"https:\/\/www.vissparboulingu.lv\/laba\/wp-json\/wp\/v2\/types\/page"}],"author":[{"embeddable":true,"href":"https:\/\/www.vissparboulingu.lv\/laba\/wp-json\/wp\/v2\/users\/1"}],"replies":[{"embeddable":true,"href":"https:\/\/www.vissparboulingu.lv\/laba\/wp-json\/wp\/v2\/comments?post=502"}],"version-history":[{"count":8,"href":"https:\/\/www.vissparboulingu.lv\/laba\/wp-json\/wp\/v2\/pages\/502\/revisions"}],"predecessor-version":[{"id":573,"href":"https:\/\/www.vissparboulingu.lv\/laba\/wp-json\/wp\/v2\/pages\/502\/revisions\/573"}],"up":[{"embeddable":true,"href":"https:\/\/www.vissparboulingu.lv\/laba\/wp-json\/wp\/v2\/pages\/43"}],"wp:featuredmedia":[{"embeddable":true,"href":"https:\/\/www.vissparboulingu.lv\/laba\/wp-json\/wp\/v2\/media\/399"}],"wp:attachment":[{"href":"https:\/\/www.vissparboulingu.lv\/laba\/wp-json\/wp\/v2\/media?parent=502"}],"curies":[{"name":"wp","href":"https:\/\/api.w.org\/{rel}","templated":true}]}}